et t(o) = o. Let h(k) = 9*k + 3. Let l(j) = -h(j) - t(j). Suppose 311 + 37 = -116*d. What are the prime factors of l(d)?
3
Let m(g) = -g**3 + g**2 - g + 61. Let c be m(-7). Let d = c - 222. List the prime factors of d.
2, 7, 17
Suppose -11*j + 12*j - 3*m = 2674, -4*m + 12 = 0. What are the prime factors of j?
2683
Let i be 1/(1*(44/(-16) + 3)). Suppose -g = -l - 382, i*l - 1520 = -5*g + g. What are the prime factors of g?
3, 127
Let f = -7348 + 7220. Let o be 37*2/(-1*2). Let i = o - f. What are the prime factors of i?
7, 13
Let v(l) = 14*l**3 + 592*l**2 + 77*l + 54. List the prime factors of v(-42).
2, 3, 17, 19
Suppose -a + 5*a - 144 = 0. Let n be 536/6*(-18)/(-12). Suppose u = -a + n. What are the prime factors of u?
2, 7
Let z(x) be the first derivative of -x**4/4 - 2*x**3 - 5*x**2/2 + 2*x + 33. Let k be z(-5). List the prime factors of 37 + 1 + k + 4.
2, 11
List the prime factors of 8 - (-12 - -23) - (-420 + 1).
2, 13
Suppose 15*i + 2*i + 19210 = 0. Let a = -742 - i. List the prime factors of a.
2, 97
What are the prime factors of 32/20 - (-54904)/10?
2, 1373
Let b = 1214 + -1867. What are the prime factors of 53 + -48 + (2 + -1 - b)?
659
Suppose 5*b = 6*b - 1143. Suppose -b = 6*z - 3573. Suppose -z = -9*q + 6*q. List the prime factors of q.
3, 5
Let h(w) = 12*w**2 - 4*w - 36. List the prime factors of h(-4).
2, 43
Let l(c) = 16*c - 1. Let n be l(5). Suppose -4*y = -2*i + y - 77, -2*y = -2*i - 86. Let p = n + i. What are the prime factors of p?
3, 11
List the prime factors of (308/42)/((-8)/(-6096)).
2, 11, 127
Let b = 5702 + 3497. List the prime factors of b.
9199
Let p = 15278 + -10193. What are the prime factors of p?
3, 5, 113
Suppose 2 - 3 = -2*a - i, 3*a - 4*i + 26 = 0. Let d = a + 6. Suppose d*s = k - s - 92, 4*k - 243 = -5*s. List the prime factors of k.
67
Let q = 24669 + -12564. What are the prime factors of q?
3, 5, 269
Let d(v) = -2772*v - 1202. What are the prime factors of d(-21)?
2, 5, 5701
Suppose 0 = 5*r - 302 + 267. Suppose -5*q - u + 1795 = 0, 0 = 2*q - r*q + 5*u + 1765. List the prime factors of q.
2, 179
Suppose o + 7 = -2*a, -5*a - 10 = -0*o + 5*o. Let z(h) be the second derivative of -5*h**3/6 + 5*h**2 + 68*h. List the prime factors of z(a).
5, 7
Suppose 5*y = -4*w - 257, 3*y + 135 = w - 9. Let r be (-4 - -8) + y + 0. Let i = 2 - r. List the prime factors of i.
47
Suppose -283*y = -273*y - 43280. List the prime factors of y.
2, 541
Let s(r) = r + 14. Let u(h) = -h**3 + 7*h**2 - 2*h - 4. Let d be u(5). Suppose 5*j = 3*q - 2*q + d, 5*q + 33 = 4*j. What are the prime factors of s(j)?
3, 7
Let b be (-9 - -5) + 3 + 0. Let k be b/3 - (-306)/27. Suppose k*j = 3*j + 2128. List the prime factors of j.
2, 7, 19
Suppose -98*b + 5820282 = 253*b. List the prime factors of b.
2, 8291
Suppose 3*b - 2*g + 350 - 57 = 0, 2*g = 5*b + 491. List the prime factors of 5 + b/9 - -1480.
2, 11, 67
Suppose 0*f + 3*j + 3372 = -4*f, -4*f = -4*j + 3372. Let x = 1585 + f. List the prime factors of x.
2, 7, 53
Suppose 33*k + 1044413 - 1195568 = 1555275. List the prime factors of k.
2, 5, 5171
Suppose 6*j - 55327 = -18*j + 58409. List the prime factors of j.
7, 677
Suppose -29458704 = -297*f - 231*f. What are the prime factors of f?
55793
What are the prime factors of (-6 + 31)/5 + -9 - -877*4?
2, 3, 73
Suppose 5*s - 12*d = -8*d + 138318, 3*s = -d + 82984. What are the prime factors of s?
2, 13831
Let b(c) = 192*c**2 + 24*c - 54. What are the prime factors of b(8)?
2, 3, 19, 109
Suppose 15*f + 3*p + 7702 = 19*f, -f = 15*p - 1957. List the prime factors of f.
41, 47
Let j(a) = -a**2 + 4*a + 14. Let s be j(6). Suppose 0 = s*i - 3 + 15. What are the prime factors of 33*(-1 - 8/i)?
11
Let z be 20/90 - 2/(-18)*24568. What are the prime factors of (-52)/(-104) + (z/(-4))/(-1)?
683
Let i(s) = -s**3 - 8*s**2 - 9*s - 12. Let z be i(-7). Let j(l) = 110*l**3 + l**2 - 4. What are the prime factors of j(z)?
2, 5, 11
Let m(n) = -n**3 - n**2 - n - 1. Let w(o) = -4*o**3 - 26*o**2 + 57*o + 46. Let l(x) = 3*m(x) - w(x). What are the prime factors of l(-25)?
3, 67
Suppose -1932 = 13*i - 6586. Let p = -234 + i. List the prime factors of p.
2, 31
Let h be -7*(0/1 - -1). Let q(d) = -d**3 + 90 - 3*d + 3*d + 89 - 8*d - 174 - 4*d**2. What are the prime factors of q(h)?
2, 13
Let r be (-2)/9 - (-4 - 68/(-18)). Suppose r = -z - l + 1198, 3*z + 38*l = 33*l + 3598. List the prime factors of z.
2, 13, 23
Suppose -3*o - 718 = 2*z + o, -o + 1806 = -5*z. Let c = z + 579. What are the prime factors of c?
2, 109
Let d be 18616/7 + (208/(-28) - -7). Suppose 28*u - 7113 = d. List the prime factors of u.
349
Let q(t) = 16252*t - 210. List the prime factors of q(1).
2, 13, 617
Suppose 2 = 2*y - 6. Suppose 5*k - 2*f - 23 = 0, y*k + 0*k - f - 16 = 0. Suppose 3*n - 3*h = -2*h + 191, -3*n = -k*h - 201. List the prime factors of n.
2, 31
Suppose -16350 = -20*c - 10*c. Suppose -547*n + 726 = -c*n. List the prime factors of n.
3, 11
Let v(f) = 4391*f + 107. What are the prime factors of v(1)?
2, 13, 173
Let z be (1052/(-12) - 0)/(2/(-6)). Suppose -6*d + z + 1681 = 0. What are the prime factors of d?
2, 3
List the prime factors of (1027152/35)/18*5.
2, 1019
Let v(h) = 4169*h - 216. What are the prime factors of v(8)?
2, 19, 109
Let z be ((-2 - -2)*5/10)/(-2). Let b be (z + -1)/((-1)/163). List the prime factors of b - (0 - (4 + -2)).
3, 5, 11
Let d = 4399 + -3009. Let j = d + -927. Suppose -6*z + j = -743. List the prime factors of z.
3, 67
Let u(r) = r**2 + 41*r + 156. List the prime factors of u(-79).
2, 1579
Let j be -3 - -8 - (-7)/((-14)/(-16)). Suppose -11*k = -j*k + 2084. What are the prime factors of k?
2, 521
Let p = -2819 - -4755. Let f = p - 1132. What are the prime factors of f?
2, 3, 67
Let i(n) = -229*n + 106. Let j be i(-20). Suppose 27*w = 16*w + j. What are the prime factors of w?
2, 3, 71
Suppose 1481*u - 1425*u - 1010919 = 1110305. What are the prime factors of u?
37879
Let b be ((2/3)/((-3)/(-36)))/2. Let x(p) = -p**2 + 10*p - 22. Let d be x(b). Suppose 0 = -q + 5*f + 149, 3*q - 393 = -f - d*f. What are the prime factors of q?
2, 67
Let n(o) = 2*o**2 - 26*o + 64. Let g(x) = -x**2 + 13*x - 32. Let b(y) = -13*g(y) - 6*n(y). Let s be b(13). Suppose s = m - 53. List the prime factors of m.
5, 17
Suppose -3*r + 4*d - 30336 = 0, -5*r - d = 36107 + 14476. Let l be 80/440 - (1 + r/22). Suppose l = 8*u + 75. List the prime factors of u.
2, 3
What are the prime factors of 3 + (-866453)/(-9) - 212/(-477)?
2, 3, 71, 113
Let z = -1930 + 4184. What are the prime factors of z?
2, 7, 23
Suppose 17*g - 2*f + 13986 = 20*g, 4*f = -2*g + 9324. Suppose 16*r - g = 7*r. What are the prime factors of r?
2, 7, 37
Let g(t) = -9212*t + 592. What are the prime factors of g(-2)?
2, 2377
Let b be (-2805)/(-35) - 114/(-133). Let t = -71 + 38. Let z = t + b. What are the prime factors of z?
2, 3
Suppose 27*j - 49390 - 64733 - 21039 = 0. List the prime factors of j.
2, 2503
List the prime factors of 2 + -4 - (-82430)/(16 - 6).
3, 41, 67
List the prime factors of 1/5*(221856 - 491).
44273
Suppose 4*b - 76 = -4*x, 2*x - 4 = -2*x. What are the prime factors of 4758/b + (-3)/9?
2, 3, 11
What are the prime factors of (-226)/((-3990)/495 - -8)?
3, 11, 113
Let i = 88 + -45. Suppose -6 = -i*a + 40*a. Suppose -58 = -a*d - 4. What are the prime factors of d?
3
Suppose -86 = -9*a - 14. Suppose a*s = -7*s + 75. Suppose 5*y - s*d - 1395 = 0, -3*y = -d - 0*d - 839. What are the prime factors of y?
2, 5, 7
Let r = -5006 - -5073. List the prime factors of r.
67
Let n(j) = j**3 - 9*j**2 - 63*j - 65. Let a(f) = f**3 - 5*f**2 - 30*f - 32. Let l(h) = -7*a(h) + 3*n(h). List the prime factors of l(-6).
5, 211
Let t be 76/2 - 2/2. Let p = t - 31. What are the prime factors of 12/(-18)*p - -213?
11, 19
Let k(w) = w**3 - 6*w**2 - 8*w + 13. Let g be k(4). Let b = 57 + g. Suppose v + b*v - 1372 = 0. List the prime factors of v.
2, 7
Suppose -24*f = 10660 + 14732. Let k = f - -1531. What are the prime factors of k?
11, 43
Suppose 0 = 72*p - 65*p - 29841. What are the prime factors of p?
3, 7, 29
Let w be 4/(-10) + 11/(550/128120). Suppose -w - 2521 = -23*y. What are the prime factors of y?
13, 17
Let v(b) = 6*b + 2 + b**2 - 7*b + b. Let z be v(-2). Suppose -286 = -z*g - 82. What are the prime factors of g?
2, 17
Suppose -9*g - 311